7. Suppose 713*w - 729*w = -1232. Calculate the remainder when w is divided by o.
13
Suppose -5*d = 3*b - 0*b - 5, 8 = -4*d. Suppose 12 = b*z - 23. Calculate the remainder when (-2)/(-9) + 2862/243 is divided by z.
5
Suppose 8*u = -3*c + 7*u - 18, 18 = -3*c - 2*u. Let a = 3 - c. What is the remainder when 69 is divided by a?
6
Suppose -q = -b - 1, -2*b - 3*q + 3 = -3*b. Suppose 3*f + h = 4*h + 3, -f - 5*h + 13 = b. Calculate the remainder when f*1 + 2 + 44 is divided by 26.
23
Calculate the remainder when 223 is divided by 39*(-6)/(-24) - 25/(-20).
3
Suppose -4*i = -n - 59 + 3, -8 = 2*n. Let z(r) = -4*r - 3. Let x(c) = c**2 + 2*c - 2. Let l be x(0). Calculate the remainder when i is divided by z(l).
3
Let w be -9*((-7)/3 - -2). Suppose -w*q + 8*q + 20 = 0. Let m(y) = -y**2 - 10*y - 5. Calculate the remainder when 74 is divided by m(q).
17
Let g = 58 - 14. Calculate the remainder when (-9)/((-18)/g) - -1 is divided by 8.
7
Let j be (-9)/(-6) - 6/4. Suppose 3*p = -j*p + 12. Calculate the remainder when p/(-1 - 19/(-17)) is divided by 9.
7
Let u = -1083 + 1155. What is the remainder when 351 is divided by u?
63
Let k(t) = -53*t - 9. Calculate the remainder when k(-2) is divided by 9.
7
Let i(c) = c**3 - 4*c**2 - 3*c + 3. Suppose -344 = -4*n - 4*j, 0 = -99*n + 100*n + 2*j - 83. Calculate the remainder when n is divided by i(5).
11
Let j(m) = -5*m + m**2 - 5*m - 4 - 1 - 2. Let o be j(11). Suppose -o*u = -5*u + 14. Calculate the remainder when 38 is divided by u.
10
Suppose -19*f = -5741 - 4728. What is the remainder when f is divided by 69?
68
Let a = -120 + 123. Suppose -68 = -a*d - 4*t - t, 12 = 3*t. What is the remainder when d is divided by 10?
6
Let h = 86 + -79. Suppose 0 = h*s - 3*s - 100. What is the remainder when 48 + (-3 + 2 - -2) is divided by s?
24
Let c = 42 + -39. Let g(s) be the third derivative of s**5/20 - 5*s**4/24 + s**3/2 + 2*s**2. What is the remainder when 29 is divided by g(c)?
14
Suppose 0 = -4*p + 873 - 249. Suppose p = s + 3*s. What is the remainder when 38 is divided by ((-2)/(-6))/(1/s)?
12
Let l(i) = i**3 + 8*i**2 - 8. Let y be 0 + -1 + -5 + -2. Let o be l(y). Let n = -3 - o. What is the remainder when 17 is divided by n?
2
Let i be (-6)/(-14) + 256/56. Let a be ((-5)/2)/i*48. What is the remainder when 12 is divided by a/12*(-7)/2?
5
What is the remainder when (-1 + 1 + -571)*(74 + -75) is divided by 14?
11
What is the remainder when (-15)/(-3) - (-146 - -2) is divided by 76?
73
Suppose 2*r - 2*v = -1 + 13, -1 = -r - 4*v. Suppose -r*n + 4*y = 2*y - 486, 0 = 3*n - 2*y - 294. What is the remainder when n is divided by 14?
12
Let p be 899/124 - (1 - 3/4). Suppose 4*y = -2*u + p*y + 37, 4*y = -u + 13. Calculate the remainder when 150 is divided by u.
14
Let x be 3 - -20 - (0 + 4). Suppose -x = -p + 32. Calculate the remainder when p is divided by 18.
15
Let q = -301 + 364. What is the remainder when 182 is divided by q?
56
Calculate the remainder when (39/(-4))/((-357)/1904) is divided by 40.
12
Suppose -5*d - 161 = -0*i - i, 2*i - 362 = 2*d. Calculate the remainder when i is divided by ((-3)/6*47)/(18/(-36)).
45
Calculate the remainder when 103 is divided by ((-18)/(-120)*15)/((-9)/(-48)).
7
Let z = 67 - 64. Suppose 94 = z*x - 5*o, -x + 0*o + 24 = 2*o. What is the remainder when x is divided by 11?
6
Let y = -500 - -647. What is the remainder when y is divided by 19?
14
Suppose -2*g = 5*a - 18, -24 = -g + 5*g - 5*a. What is the remainder when (7 + (-81)/12)/((-3)/(-12)) is divided by 4/5 + g/(-5)?
0
Suppose 5*y - 12 = 2*y, 4*x + 3*y = 2752. Calculate the remainder when x is divided by 43.
40
Suppose 0 = -3*h + 4*r + 28, 6 = -8*r + 11*r. Calculate the remainder when 45 is divided by h.
9
Let y = 53 - 67. What is the remainder when 25 is divided by (-1 - -8) + 16 + y?
7
Let i(d) = 7*d**3 - d**2 + 2*d - 1. Let u(p) = -p**3 - 12*p**2 - 24*p + 91. Calculate the remainder when u(-8) is divided by i(1).
6
Suppose -207 = -3*a - 3*o, 2*a - 2*o - 37 = 89. Let g = a - 49. Calculate the remainder when 25 is divided by g.
8
Suppose 8*x - 188 - 92 = 0. Calculate the remainder when 173 is divided by x.
33
Let z(p) = -34*p + 26. What is the remainder when z(0) is divided by 148/16 + (-3)/12?
8
Suppose 2*u + 4*p - 68 = 0, 4*u + 4*p - 196 = -52. Calculate the remainder when 605 is divided by u.
35
Let j(u) = -u**3 + 5*u**2 + 4*u + 21. Calculate the remainder when 52 is divided by j(6).
7
Let c(h) = -7*h - 3. Let x(o) = o**3 + 2*o**2 - 2*o. Let m be x(-3). What is the remainder when 71 is divided by c(m)?
17
Let t = -51 + 69. Suppose -4*i + t = 2*o, -2*o + 2*i + 16 = 7*i. Calculate the remainder when 28 is divided by o.
2
Let z = 17 - 13. Let d be 2*(0 + -1 + 2). Suppose 0 = s - 5*u - 28, -5*s - d*u + 62 = -u. What is the remainder when s is divided by z?
1
Suppose -3 = -3*o + d, -4*o + 2*d - 3 = 3*d. Suppose 4*f - f - 267 = o. What is the remainder when f is divided by 23?
20
Let m be 69/21 + (-2)/7 - -140. What is the remainder when 66 is divided by ((-2)/11)/1 - (-2457)/m?
15
Let d(i) = -4*i**3 - 8*i**2 - 10*i - 13. Let h(x) = x**3. Let k(s) = d(s) + 3*h(s). Calculate the remainder when k(-7) is divided by 3.
2
Suppose 3*v - 38 = -p - 15, 2*p = 2*v + 14. Let n = 11 - p. Calculate the remainder when -3 + 1 + 16 + n is divided by 4.
2
Suppose 5*h = -5*m + 1030, 2*m - 171 + 789 = 3*h. What is the remainder when h is divided by 105?
101
Let c = -633 - -640. What is the remainder when 599 is divided by c?
4
Let p(z) = z**3 - 10*z**2 + 16*z + 2. Let q be p(8). Suppose -52 = -3*o - o + q*c, -66 = -5*o + 3*c. Calculate the remainder when o is divided by 8.
4
Suppose 112*k - 125*k + 169 = 0. Calculate the remainder when 296 is divided by k.
10
Let y(x) = 10*x - 28. Let l be y(12). Let m = -86 + l. What is the remainder when 10 is divided by m?
4
Let l(g) = -7*g - 27. Let v be l(-11). Calculate the remainder when (-5)/(-10)*(v - 2) is divided by (-4)/5*(-50)/4.
4
Calculate the remainder when 6 is divided by (((-408)/16)/(-17))/((-3)/(-10)).
1
Suppose 3*w + 8 = 5*w. Suppose -f + 4 = 2*z, -2*z = -4*z - 4*f + w. Suppose -z*d = -4*d + 180. Calculate the remainder when d is divided by 23.
21
Suppose 0 = 2*b - 8 - 12. Suppose -o + 3*o = b. Suppose 7*x - 5*x - 4 = 4*j, 3*x - 11 = 5*j. What is the remainder when x is divided by o?
2
Let l(m) = m**2 + 5*m + 1. Suppose 0 = -4*z + 5 + 11, -2*v - 2*z = 362. Let d = 282 + v. What is the remainder when d is divided by l(-8)?
22
Suppose -55*x = -1035 - 1110. Calculate the remainder when 428 is divided by x.
38
Let z(g) = 5*g + 40. Let p be z(-8). Suppose 2*d - 17 = -0*k + 3*k, p = 2*d + k - 29. Calculate the remainder when d is divided by 4.
1
Suppose 2*q + 2*u = 16, -2*u - 41 = -5*q - 6*u. What is the remainder when 32 is divided by q?
5
Calculate the remainder when 64/80*(-155)/(-1) is divided by 16.
12
Let o(y) = 9*y**3 + 2*y**2 + 2*y - 1. Calculate the remainder when o(1) is divided by 11.
1
Let m(k) = 4*k**3. Let i be m(1). Suppose -i*x - x = 45. What is the remainder when 34 is divided by -1 + 3 - (x - 1)?
10
Let o(w) = -w**3 - 11*w**2 - w - 5. Let s be -3 - ((-17)/(-2) - 3/6). Calculate the remainder when 15 is divided by o(s).
3
Let f = -115 + 119. What is the remainder when 50 is divided by f?
2
Let n = -25 + 39. Let y(i) = -i**2 + 2*i + 4. Let b be y(0). Suppose 16 = 3*a - 4*f, 0*f - b*f = -2*a + 12. What is the remainder when n is divided by a?
2
Suppose 4*q = 5*m + 697, -4*q + 227 = -3*m - 460. Calculate the remainder when q is divided by 10.
8
Let d = 19 + -5. Suppose 3*f + 2*f - 995 = 0. Suppose -j = -6*y + y + f, 2*j = -5*y + 187. Calculate the remainder when y is divided by d.
11
Calculate the remainder when (-14)/21 + (-65)/(-3) is divided by 6.
3
Suppose 5*v - 72 = -4*v. What is the remainder when 10/((v/(-36))/(-2)) is divided by ((-50)/(-4) - 1)*2?
21
Let p(o) = o**3 - 6*o**2 + 4*o + 6. Let t be p(5). Calculate the remainder when t*1*(40 - 1) is divided by 7.
4
Let j(x) = 2*x**2 - 14*x + 2. Let m be j(6). Let s = 13 + m. Calculate the remainder when 5 is divided by s.
2
Let u(y) = -21*y**3. Let r be u(1). Let n be 6/r + 2080/28. Let m = 132 - n. What is the remainder when m is divided by 20?
18
Let x = -5 + 8. Let z(c) = -7*c - 2. Let s(u) = u**3 + 5*u**2 + 4*u - 1. Let v be s(-4). What